{"id":11,"date":"2023-09-06T21:40:24","date_gmt":"2023-09-06T19:40:24","guid":{"rendered":"https:\/\/durandpro.ovh\/WordPress\/?page_id=11"},"modified":"2024-05-03T15:54:45","modified_gmt":"2024-05-03T13:54:45","slug":"listecours","status":"publish","type":"page","link":"https:\/\/durandpro.ovh\/","title":{"rendered":"Les Cours"},"content":{"rendered":"\n<h3 class=\"wp-block-heading\"><br><a href=\"https:\/\/durandpro.ovh\/index.php\/fondementsinformatique\/\" data-type=\"page\" data-id=\"8\">1) fondements de l&rsquo;Informatique<\/a><\/h3>\n\n\n\n<p>D\u00e9couvrez les bases de l&rsquo;informatique, y compris l&rsquo;histoire des ordinateurs, les principaux concepts et comprenez comment l&rsquo;informatique influence notre vie moderne.<\/p>\n\n\n\n<h3 class=\"wp-block-heading\"><br><a href=\"https:\/\/durandpro.ovh\/index.php\/architectureordinateurs\/\" data-type=\"page\" data-id=\"20\">2) Architecture des ordinateurs<\/a><\/h3>\n\n\n\n<p>Explorez l&rsquo;architecture interne des ordinateurs, comprenant le processeur, la m\u00e9moire, le<br>stockage et les p\u00e9riph\u00e9riques, et apprenez comment ces composants travaillent ensemble pour<br>ex\u00e9cuter des t\u00e2ches.<\/p>\n\n\n\n<h3 class=\"wp-block-heading\"><br><a href=\"https:\/\/durandpro.ovh\/index.php\/systemes-dexploitation\/\" data-type=\"page\" data-id=\"399\">3) Syst\u00e8mes d&rsquo;Exploitation<\/a><\/h3>\n\n\n\n<p>D\u00e9couvrez les principes fondamentaux des syst\u00e8mes d&rsquo;exploitation, leur r\u00f4le dans la gestion<br>des ressources informatiques, et apprenez \u00e0 utiliser un syst\u00e8me d&rsquo;exploitation pour accomplir<br>des t\u00e2ches courantes.<\/p>\n\n\n\n<h3 class=\"wp-block-heading\"><br><a href=\"https:\/\/durandpro.ovh\/index.php\/logiciels\/\" data-type=\"page\" data-id=\"446\">4) Les Logiciels et Applications<\/a><\/h3>\n\n\n\n<p>Explorez divers types de logiciels, des syst\u00e8mes d&rsquo;exploitation aux applications bureautiques, et<br>ma\u00eetrisez l&rsquo;installation, la d\u00e9sinstallation et la mise \u00e0 jour des logiciels.<\/p>\n\n\n\n<h3 class=\"wp-block-heading\"><a href=\"https:\/\/durandpro.ovh\/index.php\/reseaux\/\" data-type=\"page\" data-id=\"482\">5) R\u00e9seaux Informatiques et Internet<\/a><\/h3>\n\n\n\n<p>Explorez les bases des r\u00e9seaux informatiques, incluant Internet, les protocoles de<br>communication et les principes de s\u00e9curit\u00e9 en ligne.<\/p>\n\n\n\n<h3 class=\"wp-block-heading\"><a href=\"https:\/\/durandpro.ovh\/index.php\/protection\/\" data-type=\"page\" data-id=\"524\">6) Protection des donn\u00e9es<\/a><\/h3>\n\n\n\n<p>Appr\u00e9hendez l&rsquo;importance de la s\u00e9curit\u00e9 des donn\u00e9es. D\u00e9couvrez comment prot\u00e9ger vos<br>informations personnelles, g\u00e9rer vos mots de passe et identifier les menaces en ligne.<\/p>\n\n\n\n<h3 class=\"wp-block-heading\"><a href=\"https:\/\/durandpro.ovh\/index.php\/cours-realise-a-100-par-chat-gpt-3-5-sur-le-sujet-de-lia-essai\/\" data-type=\"page\" data-id=\"565\">7) L&rsquo;IA<\/a><\/h3>\n\n\n\n<p>Cours R\u00e9alis\u00e9 \u00e0 100% Par Chat GPT 3.5 sur Les diff\u00e9rentes IA (essai)<\/p>\n","protected":false},"excerpt":{"rendered":"<p>1) fondements de l&rsquo;Informatique D\u00e9couvrez les bases de l&rsquo;informatique, y compris l&rsquo;histoire des ordinateurs, les principaux concepts et comprenez comment l&rsquo;informatique influence [&hellip;]<\/p>\n","protected":false},"author":1,"featured_media":0,"parent":0,"menu_order":0,"comment_status":"closed","ping_status":"closed","template":"","meta":{"footnotes":""},"class_list":["post-11","page","type-page","status-publish","hentry"],"_links":{"self":[{"href":"https:\/\/durandpro.ovh\/index.php\/wp-json\/wp\/v2\/pages\/11","targetHints":{"allow":["GET"]}}],"collection":[{"href":"https:\/\/durandpro.ovh\/index.php\/wp-json\/wp\/v2\/pages"}],"about":[{"href":"https:\/\/durandpro.ovh\/index.php\/wp-json\/wp\/v2\/types\/page"}],"author":[{"embeddable":true,"href":"https:\/\/durandpro.ovh\/index.php\/wp-json\/wp\/v2\/users\/1"}],"replies":[{"embeddable":true,"href":"https:\/\/durandpro.ovh\/index.php\/wp-json\/wp\/v2\/comments?post=11"}],"version-history":[{"count":32,"href":"https:\/\/durandpro.ovh\/index.php\/wp-json\/wp\/v2\/pages\/11\/revisions"}],"predecessor-version":[{"id":569,"href":"https:\/\/durandpro.ovh\/index.php\/wp-json\/wp\/v2\/pages\/11\/revisions\/569"}],"wp:attachment":[{"href":"https:\/\/durandpro.ovh\/index.php\/wp-json\/wp\/v2\/media?parent=11"}],"curies":[{"name":"wp","href":"https:\/\/api.w.org\/{rel}","templated":true}]}}