{"id":20,"date":"2023-09-06T22:13:33","date_gmt":"2023-09-06T20:13:33","guid":{"rendered":"https:\/\/durandpro.ovh\/WordPress\/?page_id=20"},"modified":"2023-11-05T14:09:24","modified_gmt":"2023-11-05T13:09:24","slug":"architectureordinateurs","status":"publish","type":"page","link":"https:\/\/durandpro.ovh\/index.php\/architectureordinateurs\/","title":{"rendered":"Architecture des Ordinateurs"},"content":{"rendered":"\n<div class=\"wp-block-columns is-layout-flex wp-container-core-columns-is-layout-9d6595d7 wp-block-columns-is-layout-flex\">\n<div class=\"wp-block-column is-layout-flow wp-block-column-is-layout-flow\" style=\"flex-basis:100%\">\n<div class=\"wp-block-columns is-layout-flex wp-container-core-columns-is-layout-9d6595d7 wp-block-columns-is-layout-flex\">\n<div class=\"wp-block-column is-layout-flow wp-block-column-is-layout-flow\" style=\"flex-basis:100%\">\n<p><h3 class=\"wp-block-heading has-text-align-center\" style=\"color: blue;\">Introduction aux Composants Essentiels<\/h3>\n<br><\/p>\n\n\n\n<p>L\u2019ordinateur est un ensemble complexe de pi\u00e8ces qui collaborent pour ex\u00e9cuter des t\u00e2ches. Voici quelques-uns des composants essentiels qui le rendent op\u00e9rationnel :<\/p>\n\n\n\n<p><h3 class=\"wp-block-heading has-text-align-center\" style=\"color: blue;\">Les Composants cl\u00e9s<\/h3>\n<br><\/p>\n\n\n\n<div class=\"wp-block-columns is-layout-flex wp-container-core-columns-is-layout-9d6595d7 wp-block-columns-is-layout-flex\">\n<div class=\"wp-block-column is-layout-flow wp-block-column-is-layout-flow\" style=\"flex-basis:25%\">\n<figure class=\"wp-block-image size-full\"><a href=\"https:\/\/durandpro.ovh\/wp-content\/uploads\/2023\/09\/ASRock_K7VT4A_Pro_Mainboard.jpg\"><img loading=\"lazy\" decoding=\"async\" width=\"640\" height=\"408\" src=\"https:\/\/durandpro.ovh\/wp-content\/uploads\/2023\/09\/ASRock_K7VT4A_Pro_Mainboard.jpg\" alt=\"\" class=\"wp-image-221\" srcset=\"https:\/\/durandpro.ovh\/wp-content\/uploads\/2023\/09\/ASRock_K7VT4A_Pro_Mainboard.jpg 640w, https:\/\/durandpro.ovh\/wp-content\/uploads\/2023\/09\/ASRock_K7VT4A_Pro_Mainboard-300x191.jpg 300w, https:\/\/durandpro.ovh\/wp-content\/uploads\/2023\/09\/ASRock_K7VT4A_Pro_Mainboard-230x147.jpg 230w, https:\/\/durandpro.ovh\/wp-content\/uploads\/2023\/09\/ASRock_K7VT4A_Pro_Mainboard-350x223.jpg 350w, https:\/\/durandpro.ovh\/wp-content\/uploads\/2023\/09\/ASRock_K7VT4A_Pro_Mainboard-480x306.jpg 480w\" sizes=\"auto, (max-width: 640px) 100vw, 640px\" \/><\/a><\/figure>\n<\/div>\n\n\n\n<div class=\"wp-block-column is-layout-flow wp-block-column-is-layout-flow\" style=\"flex-basis:50%\">\n<p><strong>1. Carte M\u00e8re<\/strong>:&nbsp;La carte m\u00e8re est le \u00ab syst\u00e8me nerveux central \u00bb de l\u2019ordinateur. Elle relie tous les composants, permettant \u00e0 chacun de communiquer. C\u2019est sur la carte m\u00e8re que se trouvent le processeur, la m\u00e9moire, les connecteurs pour les p\u00e9riph\u00e9riques, et plus encore.<\/p>\n<\/div>\n\n\n\n<div class=\"wp-block-column is-layout-flow wp-block-column-is-layout-flow\" style=\"flex-basis:25%\">\n<figure class=\"wp-block-table\"><table><tbody><tr><td>La carte m\u00e8re est \u00e9galement responsable de la gestion de l&rsquo;alimentation et de la communication entre tous les composants.<\/td><\/tr><\/tbody><\/table><\/figure>\n<\/div>\n<\/div>\n\n\n\n<div class=\"wp-block-columns is-layout-flex wp-container-core-columns-is-layout-9d6595d7 wp-block-columns-is-layout-flex\">\n<div class=\"wp-block-column is-layout-flow wp-block-column-is-layout-flow\" style=\"flex-basis:25%\">\n<figure class=\"wp-block-image size-full\"><a href=\"https:\/\/durandpro.ovh\/wp-content\/uploads\/2023\/09\/intel-core-i5-3320m_1_2_1_1_3_2.jpg\"><img loading=\"lazy\" decoding=\"async\" width=\"640\" height=\"480\" src=\"https:\/\/durandpro.ovh\/wp-content\/uploads\/2023\/09\/intel-core-i5-3320m_1_2_1_1_3_2.jpg\" alt=\"\" class=\"wp-image-228\" srcset=\"https:\/\/durandpro.ovh\/wp-content\/uploads\/2023\/09\/intel-core-i5-3320m_1_2_1_1_3_2.jpg 640w, https:\/\/durandpro.ovh\/wp-content\/uploads\/2023\/09\/intel-core-i5-3320m_1_2_1_1_3_2-300x225.jpg 300w, https:\/\/durandpro.ovh\/wp-content\/uploads\/2023\/09\/intel-core-i5-3320m_1_2_1_1_3_2-230x173.jpg 230w, https:\/\/durandpro.ovh\/wp-content\/uploads\/2023\/09\/intel-core-i5-3320m_1_2_1_1_3_2-350x263.jpg 350w, https:\/\/durandpro.ovh\/wp-content\/uploads\/2023\/09\/intel-core-i5-3320m_1_2_1_1_3_2-480x360.jpg 480w\" sizes=\"auto, (max-width: 640px) 100vw, 640px\" \/><\/a><\/figure>\n<\/div>\n\n\n\n<div class=\"wp-block-column is-layout-flow wp-block-column-is-layout-flow\" style=\"flex-basis:50%\">\n<p><strong>2. Processeur (CPU)<\/strong>: Le processeur est le \u00ab cerveau \u00bb de l\u2019ordinateur. Il ex\u00e9cute les instructions des programmes en effectuant des calculs. Plus le processeur est puissant, plus votre ordinateur peut accomplir de t\u00e2ches complexes.<\/p>\n<\/div>\n\n\n\n<div class=\"wp-block-column is-layout-flow wp-block-column-is-layout-flow\" style=\"flex-basis:25%\">\n<figure class=\"wp-block-table\"><table><tbody><tr><td>La puissance du processeur est mesur\u00e9e en gigahertz (GHz), indiquant le nombre de cycles d&rsquo;instructions qu&rsquo;il peut ex\u00e9cuter par seconde.<\/td><\/tr><\/tbody><\/table><\/figure>\n<\/div>\n<\/div>\n\n\n\n<div class=\"wp-block-columns is-layout-flex wp-container-core-columns-is-layout-9d6595d7 wp-block-columns-is-layout-flex\">\n<div class=\"wp-block-column is-layout-flow wp-block-column-is-layout-flow\" style=\"flex-basis:25%\">\n<figure class=\"wp-block-image size-full\"><a href=\"https:\/\/durandpro.ovh\/wp-content\/uploads\/2023\/09\/61XmhmEup8L._AC_UF10001000_QL80_.jpg\"><img loading=\"lazy\" decoding=\"async\" width=\"1000\" height=\"769\" src=\"https:\/\/durandpro.ovh\/wp-content\/uploads\/2023\/09\/61XmhmEup8L._AC_UF10001000_QL80_.jpg\" alt=\"\" class=\"wp-image-281\" srcset=\"https:\/\/durandpro.ovh\/wp-content\/uploads\/2023\/09\/61XmhmEup8L._AC_UF10001000_QL80_.jpg 1000w, https:\/\/durandpro.ovh\/wp-content\/uploads\/2023\/09\/61XmhmEup8L._AC_UF10001000_QL80_-300x231.jpg 300w, https:\/\/durandpro.ovh\/wp-content\/uploads\/2023\/09\/61XmhmEup8L._AC_UF10001000_QL80_-768x591.jpg 768w, https:\/\/durandpro.ovh\/wp-content\/uploads\/2023\/09\/61XmhmEup8L._AC_UF10001000_QL80_-230x177.jpg 230w, https:\/\/durandpro.ovh\/wp-content\/uploads\/2023\/09\/61XmhmEup8L._AC_UF10001000_QL80_-350x269.jpg 350w, https:\/\/durandpro.ovh\/wp-content\/uploads\/2023\/09\/61XmhmEup8L._AC_UF10001000_QL80_-480x369.jpg 480w\" sizes=\"auto, (max-width: 1000px) 100vw, 1000px\" \/><\/a><\/figure>\n<\/div>\n\n\n\n<div class=\"wp-block-column is-layout-flow wp-block-column-is-layout-flow\" style=\"flex-basis:50%\">\n<p><strong>3. M\u00e9moire RAM<\/strong>: La m\u00e9moire vive (RAM) est comme l\u2019espace de travail temporaire de l\u2019ordinateur. Elle stocke les donn\u00e9es et les programmes en cours d\u2019utilisation, permettant un acc\u00e8s rapide pour le processeur.<\/p>\n<\/div>\n\n\n\n<div class=\"wp-block-column is-layout-flow wp-block-column-is-layout-flow\" style=\"flex-basis:25%\">\n<figure class=\"wp-block-table\"><table><tbody><tr><td>Une grande quantit\u00e9 de RAM permet de travailler sur plusieurs applications gourmandes en m\u00e9moire simultan\u00e9ment.<\/td><\/tr><\/tbody><\/table><\/figure>\n<\/div>\n<\/div>\n\n\n\n<div class=\"wp-block-columns is-layout-flex wp-container-core-columns-is-layout-9d6595d7 wp-block-columns-is-layout-flex\">\n<div class=\"wp-block-column is-layout-flow wp-block-column-is-layout-flow\" style=\"flex-basis:25%\">\n<figure class=\"wp-block-image size-large\"><a href=\"https:\/\/durandpro.ovh\/wp-content\/uploads\/2023\/09\/ssd-18_1.jpg\"><img loading=\"lazy\" decoding=\"async\" width=\"1024\" height=\"1024\" src=\"https:\/\/durandpro.ovh\/wp-content\/uploads\/2023\/09\/ssd-18_1-1024x1024.jpg\" alt=\"\" class=\"wp-image-284\" srcset=\"https:\/\/durandpro.ovh\/wp-content\/uploads\/2023\/09\/ssd-18_1-1024x1024.jpg 1024w, https:\/\/durandpro.ovh\/wp-content\/uploads\/2023\/09\/ssd-18_1-300x300.jpg 300w, https:\/\/durandpro.ovh\/wp-content\/uploads\/2023\/09\/ssd-18_1-150x150.jpg 150w, https:\/\/durandpro.ovh\/wp-content\/uploads\/2023\/09\/ssd-18_1-768x768.jpg 768w, https:\/\/durandpro.ovh\/wp-content\/uploads\/2023\/09\/ssd-18_1-1000x1000.jpg 1000w, https:\/\/durandpro.ovh\/wp-content\/uploads\/2023\/09\/ssd-18_1-230x230.jpg 230w, https:\/\/durandpro.ovh\/wp-content\/uploads\/2023\/09\/ssd-18_1-350x350.jpg 350w, https:\/\/durandpro.ovh\/wp-content\/uploads\/2023\/09\/ssd-18_1-480x480.jpg 480w, https:\/\/durandpro.ovh\/wp-content\/uploads\/2023\/09\/ssd-18_1.jpg 1200w\" sizes=\"auto, (max-width: 1024px) 100vw, 1024px\" \/><\/a><\/figure>\n<\/div>\n\n\n\n<div class=\"wp-block-column is-layout-flow wp-block-column-is-layout-flow\" style=\"flex-basis:50%\">\n<p><strong>4. Disque Dur (HDD\/SSD)<\/strong>: Le disque dur est le lieu de stockage \u00e0 long terme de l\u2019ordinateur. Les disques durs traditionnels (HDD) utilisent des plateaux rotatifs pour stocker des donn\u00e9es, tandis que les disques SSD utilisent des puces de m\u00e9moire pour un acc\u00e8s plus rapide.<\/p>\n<\/div>\n\n\n\n<div class=\"wp-block-column is-layout-flow wp-block-column-is-layout-flow\" style=\"flex-basis:25%\">\n<figure class=\"wp-block-table\"><table><tbody><tr><td>Le stockage est mesur\u00e9 en unit\u00e9s telles que les gigaoctets (Go) et les m\u00e9gaoctets (Mo). Un gigaoctet (Go) \u00e9quivaut \u00e0 1 000 m\u00e9gaoctets (Mo).<\/td><\/tr><\/tbody><\/table><\/figure>\n\n\n\n<p><\/p>\n<\/div>\n<\/div>\n\n\n\n<div class=\"wp-block-columns is-layout-flex wp-container-core-columns-is-layout-9d6595d7 wp-block-columns-is-layout-flex\">\n<div class=\"wp-block-column is-layout-flow wp-block-column-is-layout-flow\" style=\"flex-basis:25%\">\n<figure class=\"wp-block-image size-large\"><a href=\"https:\/\/durandpro.ovh\/wp-content\/uploads\/2023\/09\/nvidia-geforce-rtx-2070_d2b78e11a93459be__1200_900__overflow.jpg\"><img loading=\"lazy\" decoding=\"async\" width=\"1024\" height=\"768\" src=\"https:\/\/durandpro.ovh\/wp-content\/uploads\/2023\/09\/nvidia-geforce-rtx-2070_d2b78e11a93459be__1200_900__overflow-1024x768.jpg\" alt=\"\" class=\"wp-image-287\" srcset=\"https:\/\/durandpro.ovh\/wp-content\/uploads\/2023\/09\/nvidia-geforce-rtx-2070_d2b78e11a93459be__1200_900__overflow-1024x768.jpg 1024w, https:\/\/durandpro.ovh\/wp-content\/uploads\/2023\/09\/nvidia-geforce-rtx-2070_d2b78e11a93459be__1200_900__overflow-300x225.jpg 300w, https:\/\/durandpro.ovh\/wp-content\/uploads\/2023\/09\/nvidia-geforce-rtx-2070_d2b78e11a93459be__1200_900__overflow-768x576.jpg 768w, https:\/\/durandpro.ovh\/wp-content\/uploads\/2023\/09\/nvidia-geforce-rtx-2070_d2b78e11a93459be__1200_900__overflow-1000x750.jpg 1000w, https:\/\/durandpro.ovh\/wp-content\/uploads\/2023\/09\/nvidia-geforce-rtx-2070_d2b78e11a93459be__1200_900__overflow-230x173.jpg 230w, https:\/\/durandpro.ovh\/wp-content\/uploads\/2023\/09\/nvidia-geforce-rtx-2070_d2b78e11a93459be__1200_900__overflow-350x263.jpg 350w, https:\/\/durandpro.ovh\/wp-content\/uploads\/2023\/09\/nvidia-geforce-rtx-2070_d2b78e11a93459be__1200_900__overflow-480x360.jpg 480w, https:\/\/durandpro.ovh\/wp-content\/uploads\/2023\/09\/nvidia-geforce-rtx-2070_d2b78e11a93459be__1200_900__overflow.jpg 1200w\" sizes=\"auto, (max-width: 1024px) 100vw, 1024px\" \/><\/a><\/figure>\n<\/div>\n\n\n\n<div class=\"wp-block-column is-layout-flow wp-block-column-is-layout-flow\" style=\"flex-basis:50%\">\n<p><strong>5. Carte Graphique<\/strong>: La carte graphique g\u00e8re l\u2019affichage visuel sur votre \u00e9cran. Si vous jouez \u00e0 des jeux ou faites de la conception graphique, une bonne carte graphique est essentielle, dans le cas d&rsquo;une utilisation bureautique elle est int\u00e9gr\u00e9e au CPU.<\/p>\n<\/div>\n\n\n\n<div class=\"wp-block-column is-layout-flow wp-block-column-is-layout-flow\" style=\"flex-basis:25%\">\n<figure class=\"wp-block-table\"><table><tbody><tr><td>La performance de la carte graphique peut \u00eatre mesur\u00e9e en termes de m\u00e9moire vid\u00e9o (par exemple, 4 Go de m\u00e9moire vid\u00e9o).<\/td><\/tr><\/tbody><\/table><\/figure>\n<\/div>\n<\/div>\n\n\n\n<div class=\"wp-block-columns is-layout-flex wp-container-core-columns-is-layout-9d6595d7 wp-block-columns-is-layout-flex\">\n<div class=\"wp-block-column is-layout-flow wp-block-column-is-layout-flow\" style=\"flex-basis:25%\">\n<figure class=\"wp-block-image size-full\"><a href=\"https:\/\/durandpro.ovh\/wp-content\/uploads\/2023\/09\/61vQaSBOrL._AC_UF10001000_QL80_-1.jpg\"><img loading=\"lazy\" decoding=\"async\" width=\"1000\" height=\"530\" src=\"https:\/\/durandpro.ovh\/wp-content\/uploads\/2023\/09\/61vQaSBOrL._AC_UF10001000_QL80_-1.jpg\" alt=\"\" class=\"wp-image-304\" srcset=\"https:\/\/durandpro.ovh\/wp-content\/uploads\/2023\/09\/61vQaSBOrL._AC_UF10001000_QL80_-1.jpg 1000w, https:\/\/durandpro.ovh\/wp-content\/uploads\/2023\/09\/61vQaSBOrL._AC_UF10001000_QL80_-1-300x159.jpg 300w, https:\/\/durandpro.ovh\/wp-content\/uploads\/2023\/09\/61vQaSBOrL._AC_UF10001000_QL80_-1-768x407.jpg 768w, https:\/\/durandpro.ovh\/wp-content\/uploads\/2023\/09\/61vQaSBOrL._AC_UF10001000_QL80_-1-230x122.jpg 230w, https:\/\/durandpro.ovh\/wp-content\/uploads\/2023\/09\/61vQaSBOrL._AC_UF10001000_QL80_-1-350x186.jpg 350w, https:\/\/durandpro.ovh\/wp-content\/uploads\/2023\/09\/61vQaSBOrL._AC_UF10001000_QL80_-1-480x254.jpg 480w\" sizes=\"auto, (max-width: 1000px) 100vw, 1000px\" \/><\/a><\/figure>\n<\/div>\n\n\n\n<div class=\"wp-block-column is-layout-flow wp-block-column-is-layout-flow\" style=\"flex-basis:50%\">\n<p><strong>6. Carte R\u00e9seau<\/strong>: La carte r\u00e9seau permet \u00e0 votre ordinateur de se connecter \u00e0 Internet et aux r\u00e9seaux locaux. Elle peut \u00eatre int\u00e9gr\u00e9e \u00e0 la carte m\u00e8re ou ajout\u00e9e s\u00e9par\u00e9ment.<\/p>\n<\/div>\n\n\n\n<div class=\"wp-block-column is-layout-flow wp-block-column-is-layout-flow\" style=\"flex-basis:25%\">\n<figure class=\"wp-block-table\"><table><tbody><tr><td>La vitesse de connexion d&rsquo;une carte r\u00e9seau est mesur\u00e9e en bits par seconde (par exemple, 1 Gbps pour Gigabit Ethernet).<\/td><\/tr><\/tbody><\/table><\/figure>\n<\/div>\n<\/div>\n\n\n\n<div class=\"wp-block-columns is-layout-flex wp-container-core-columns-is-layout-9d6595d7 wp-block-columns-is-layout-flex\">\n<div class=\"wp-block-column is-layout-flow wp-block-column-is-layout-flow\" style=\"flex-basis:25%\"><div class=\"wp-block-image\">\n<figure class=\"aligncenter size-full is-resized\"><a href=\"https:\/\/durandpro.ovh\/wp-content\/uploads\/2023\/09\/81UsAQPQPL._AC_UF10001000_QL80_.jpg\"><img loading=\"lazy\" decoding=\"async\" width=\"1000\" height=\"878\" src=\"https:\/\/durandpro.ovh\/wp-content\/uploads\/2023\/09\/81UsAQPQPL._AC_UF10001000_QL80_.jpg\" alt=\"\" class=\"wp-image-306\" style=\"width:125px;height:110px\" srcset=\"https:\/\/durandpro.ovh\/wp-content\/uploads\/2023\/09\/81UsAQPQPL._AC_UF10001000_QL80_.jpg 1000w, https:\/\/durandpro.ovh\/wp-content\/uploads\/2023\/09\/81UsAQPQPL._AC_UF10001000_QL80_-300x263.jpg 300w, https:\/\/durandpro.ovh\/wp-content\/uploads\/2023\/09\/81UsAQPQPL._AC_UF10001000_QL80_-768x674.jpg 768w, https:\/\/durandpro.ovh\/wp-content\/uploads\/2023\/09\/81UsAQPQPL._AC_UF10001000_QL80_-230x202.jpg 230w, https:\/\/durandpro.ovh\/wp-content\/uploads\/2023\/09\/81UsAQPQPL._AC_UF10001000_QL80_-350x307.jpg 350w, https:\/\/durandpro.ovh\/wp-content\/uploads\/2023\/09\/81UsAQPQPL._AC_UF10001000_QL80_-480x421.jpg 480w\" sizes=\"auto, (max-width: 1000px) 100vw, 1000px\" \/><\/a><\/figure>\n<\/div><\/div>\n\n\n\n<div class=\"wp-block-column is-layout-flow wp-block-column-is-layout-flow\" style=\"flex-basis:50%\">\n<p><strong>7. Alimentation<\/strong> L\u2019alimentation \u00e9lectrique fournit l\u2019\u00e9nergie n\u00e9cessaire \u00e0 tous les composants de l\u2019ordinateur. Choisissez une alimentation adapt\u00e9e \u00e0 la puissance de votre syst\u00e8me.<\/p>\n<\/div>\n\n\n\n<div class=\"wp-block-column is-layout-flow wp-block-column-is-layout-flow\" style=\"flex-basis:25%\">\n<figure class=\"wp-block-table\"><table><tbody><tr><td>La capacit\u00e9 de l&rsquo;alimentation est mesur\u00e9e en watts (par exemple, une alimentation de 500 watts).<\/td><\/tr><\/tbody><\/table><\/figure>\n<\/div>\n<\/div>\n\n\n\n<div class=\"wp-block-columns is-layout-flex wp-container-core-columns-is-layout-9d6595d7 wp-block-columns-is-layout-flex\">\n<div class=\"wp-block-column is-layout-flow wp-block-column-is-layout-flow\" style=\"flex-basis:25%\"><div class=\"wp-block-image\">\n<figure class=\"aligncenter size-full is-resized\"><a href=\"https:\/\/durandpro.ovh\/wp-content\/uploads\/2023\/09\/55f61f10-8a83-4bf2-b6ee-98b4ea8dff0a.jpg\"><img loading=\"lazy\" decoding=\"async\" width=\"500\" height=\"266\" src=\"https:\/\/durandpro.ovh\/wp-content\/uploads\/2023\/09\/55f61f10-8a83-4bf2-b6ee-98b4ea8dff0a.jpg\" alt=\"\" class=\"wp-image-359\" style=\"width:144px;height:74px\" srcset=\"https:\/\/durandpro.ovh\/wp-content\/uploads\/2023\/09\/55f61f10-8a83-4bf2-b6ee-98b4ea8dff0a.jpg 500w, https:\/\/durandpro.ovh\/wp-content\/uploads\/2023\/09\/55f61f10-8a83-4bf2-b6ee-98b4ea8dff0a-300x160.jpg 300w, https:\/\/durandpro.ovh\/wp-content\/uploads\/2023\/09\/55f61f10-8a83-4bf2-b6ee-98b4ea8dff0a-230x122.jpg 230w, https:\/\/durandpro.ovh\/wp-content\/uploads\/2023\/09\/55f61f10-8a83-4bf2-b6ee-98b4ea8dff0a-350x186.jpg 350w, https:\/\/durandpro.ovh\/wp-content\/uploads\/2023\/09\/55f61f10-8a83-4bf2-b6ee-98b4ea8dff0a-480x255.jpg 480w\" sizes=\"auto, (max-width: 500px) 100vw, 500px\" \/><\/a><\/figure>\n<\/div><\/div>\n\n\n\n<div class=\"wp-block-column is-layout-flow wp-block-column-is-layout-flow\" style=\"flex-basis:50%\">\n<p><strong>8. Bo\u00eetier<\/strong> Le bo\u00eetier abrite tous les composants de l\u2019ordinateur, les prot\u00e9geant de la poussi\u00e8re et des dommages. Il offre \u00e9galement des emplacements pour les ventilateurs pour \u00e9viter la surchauffe.<\/p>\n<\/div>\n\n\n\n<div class=\"wp-block-column is-layout-flow wp-block-column-is-layout-flow\" style=\"flex-basis:25%\">\n<figure class=\"wp-block-table\"><table><tbody><tr><td>La taille et le format du bo\u00eetier peuvent varier en fonction de la configuration<\/td><\/tr><\/tbody><\/table><\/figure>\n<\/div>\n<\/div>\n\n\n\n<p><strong>9. P\u00e9riph\u00e9riques d&rsquo;Entr\u00e9e<\/strong> Les p\u00e9riph\u00e9riques d\u2019entr\u00e9e permettent \u00e0 l\u2019utilisateur d\u2019interagir avec l\u2019ordinateur. Le clavier et la souris sont les plus courants, mais il existe \u00e9galement des stylets, des manettes de jeu et plus encore.<\/p>\n\n\n\n<p><strong>10. P\u00e9riph\u00e9riques de Sortie<\/strong> Les p\u00e9riph\u00e9riques de sortie affichent les r\u00e9sultats de vos actions. L\u2019\u00e9cran est le principal p\u00e9riph\u00e9rique de sortie, mais vous pouvez \u00e9galement avoir des imprimantes pour obtenir des copies physiques de vos documents.<\/p>\n\n\n\n<figure class=\"wp-block-image size-large\"><a href=\"https:\/\/durandpro.ovh\/wp-content\/uploads\/2023\/09\/Capture-decran-2023-09-22-223812.jpg\"><img loading=\"lazy\" decoding=\"async\" width=\"1024\" height=\"664\" src=\"https:\/\/durandpro.ovh\/wp-content\/uploads\/2023\/09\/Capture-decran-2023-09-22-223812-1024x664.jpg\" alt=\"\" class=\"wp-image-312\" srcset=\"https:\/\/durandpro.ovh\/wp-content\/uploads\/2023\/09\/Capture-decran-2023-09-22-223812-1024x664.jpg 1024w, https:\/\/durandpro.ovh\/wp-content\/uploads\/2023\/09\/Capture-decran-2023-09-22-223812-300x195.jpg 300w, https:\/\/durandpro.ovh\/wp-content\/uploads\/2023\/09\/Capture-decran-2023-09-22-223812-768x498.jpg 768w, https:\/\/durandpro.ovh\/wp-content\/uploads\/2023\/09\/Capture-decran-2023-09-22-223812-1000x649.jpg 1000w, https:\/\/durandpro.ovh\/wp-content\/uploads\/2023\/09\/Capture-decran-2023-09-22-223812-230x149.jpg 230w, https:\/\/durandpro.ovh\/wp-content\/uploads\/2023\/09\/Capture-decran-2023-09-22-223812-350x227.jpg 350w, https:\/\/durandpro.ovh\/wp-content\/uploads\/2023\/09\/Capture-decran-2023-09-22-223812-480x311.jpg 480w, https:\/\/durandpro.ovh\/wp-content\/uploads\/2023\/09\/Capture-decran-2023-09-22-223812.jpg 1088w\" sizes=\"auto, (max-width: 1024px) 100vw, 1024px\" \/><\/a><\/figure>\n\n\n\n<br>\n<h3 class=\"wp-block-heading has-text-align-center\" style=\"color: blue;\">Pourquoi c&rsquo;est important ?<\/h3>\n<br>\n\n\n\n<p>Tous ces composants travaillent en harmonie pour cr\u00e9er une exp\u00e9rience informatique fluide. Lorsque vous allumez votre ordinateur, le syst\u00e8me d\u2019exploitation charge depuis le disque dur ou le SSD et se charge en m\u00e9moire RAM. Le processeur ex\u00e9cute ensuite les instructions du syst\u00e8me d\u2019exploitation pour que vous puissiez interagir avec l\u2019interface graphique.<\/p>\n\n\n\n<p>Que vous naviguiez sur Internet, \u00e9criviez des e-mails, regardiez des vid\u00e9os ou travailliez sur des projets, chaque composant joue un r\u00f4le sp\u00e9cifique. Par exemple, si vous \u00e9ditez des photos, la carte graphique peut acc\u00e9l\u00e9rer le rendu visuel, tandis que le processeur effectue les calculs n\u00e9cessaires pour appliquer les filtres.<\/p>\n\n\n\n<p>Une fois que vous \u00eates connect\u00e9, le syst\u00e8me d\u2019exploitation vous offre une interface conviviale, souvent appel\u00e9e \u00ab bureau \u00bb. C\u2019est \u00e0 partir de l\u00e0 que vous lancez des programmes, acc\u00e9dez \u00e0 vos fichiers et effectuez vos t\u00e2ches quotidiennes. Il g\u00e8re \u00e9galement les mises \u00e0 jour, la s\u00e9curit\u00e9 et les interactions avec les p\u00e9riph\u00e9riques.<\/p>\n\n\n\n<br>\n<h3 class=\"wp-block-heading has-text-align-center\" style=\"color: blue;\">Conclusion<\/h3>\n<br>\n\n\n\n<p>En r\u00e9sum\u00e9, un ordinateur est un ensemble complexe de composants qui travaillent en synergie pour r\u00e9pondre \u00e0 vos besoins. Chaque composant joue un r\u00f4le crucial dans l\u2019exp\u00e9rience globale. Du processeur \u00e0 la carte graphique, en passant par la m\u00e9moire et le syst\u00e8me d\u2019exploitation, chaque \u00e9l\u00e9ment contribue \u00e0 la performance et \u00e0 la convivialit\u00e9 de votre ordinateur.<\/p>\n\n\n\n<p>Dans les prochains cours, nous explorerons davantage le monde de l\u2019informatique, en plongeant dans des sujets tels que les logiciels, Internet et la s\u00e9curit\u00e9. Continuez \u00e0 explorer et \u00e0 poser des questions, car la compr\u00e9hension de ces concepts vous permettra de profiter pleinement de votre ordinateur.<\/p>\n<\/div>\n<\/div>\n<\/div>\n<\/div>\n\n\n\n<!DOCTYPE html>\n<html>\n<head>\n    <style>\n        \/* Style pour centrer le contenu *\/\n        .centered {\n            display: flex;\n            justify-content: center;\n            align-items: center;\n            height: 100vh; \/* 100% de la hauteur de la fen\u00eatre visible *\/\n        }\n    <\/style>\n<\/head>\n<body>\n    <!-- Utilisation de la classe \"centered\" pour centrer l'iframe -->\n    <div class=\"centered\">\n        <iframe loading=\"lazy\" src=\"https:\/\/durandpro.ovh\/Dev\/Cours_Informatique\/lescomposantsQuest.html\" width=\"100%\" height=\"500\"><\/iframe>\n    <\/div>\n<\/body>\n<\/html>\n","protected":false},"excerpt":{"rendered":"<p>Introduction aux Composants Essentiels L\u2019ordinateur est un ensemble complexe de pi\u00e8ces qui collaborent pour ex\u00e9cuter des t\u00e2ches. Voici quelques-uns des composants essentiels [&hellip;]<\/p>\n","protected":false},"author":1,"featured_media":0,"parent":0,"menu_order":0,"comment_status":"closed","ping_status":"closed","template":"","meta":{"footnotes":""},"class_list":["post-20","page","type-page","status-publish","hentry"],"_links":{"self":[{"href":"https:\/\/durandpro.ovh\/index.php\/wp-json\/wp\/v2\/pages\/20","targetHints":{"allow":["GET"]}}],"collection":[{"href":"https:\/\/durandpro.ovh\/index.php\/wp-json\/wp\/v2\/pages"}],"about":[{"href":"https:\/\/durandpro.ovh\/index.php\/wp-json\/wp\/v2\/types\/page"}],"author":[{"embeddable":true,"href":"https:\/\/durandpro.ovh\/index.php\/wp-json\/wp\/v2\/users\/1"}],"replies":[{"embeddable":true,"href":"https:\/\/durandpro.ovh\/index.php\/wp-json\/wp\/v2\/comments?post=20"}],"version-history":[{"count":92,"href":"https:\/\/durandpro.ovh\/index.php\/wp-json\/wp\/v2\/pages\/20\/revisions"}],"predecessor-version":[{"id":445,"href":"https:\/\/durandpro.ovh\/index.php\/wp-json\/wp\/v2\/pages\/20\/revisions\/445"}],"wp:attachment":[{"href":"https:\/\/durandpro.ovh\/index.php\/wp-json\/wp\/v2\/media?parent=20"}],"curies":[{"name":"wp","href":"https:\/\/api.w.org\/{rel}","templated":true}]}}